4. List the prime factors of h.
2, 227
Suppose 1690*v = 1685*v + 3*n + 93681, 0 = 2*v - 5*n - 37461. What are the prime factors of v?
2, 3, 347
Suppose 5*y - 2 - 8 = 0. Suppose -y*a + 300 = 2*a. Suppose 0 = -2*x + 5*x - a. List the prime factors of x.
5
Let y = 309 - 297. Suppose 3*l = -3*w + 828, -y*l + 9*l = -5*w + 1364. List the prime factors of w.
2, 137
Let o = -512 + 517. Suppose -o*i = -4*f + 920, 8*f - 2*i = 3*i + 1840. List the prime factors of f.
2, 5, 23
Suppose -58*y + 2716 = -56*y - 2*t, -5*t + 6750 = 5*y. List the prime factors of y.
2, 677
Suppose 197 = p - 2*q + 29, 3*p + 3*q = 477. Suppose 2*d - 6*d = 5*u - 753, 0 = -u + 3*d + p. What are the prime factors of u?
3, 17
Suppose -5*w - 260 = 60. Let v = w + 148. Let m = v - -189. What are the prime factors of m?
3, 7, 13
Suppose t + 6*t - 28 = 0. Suppose 132 + 90 = 4*u + 2*y, t*u - 237 = -5*y. Suppose 31 = 4*f - u. What are the prime factors of f?
3, 7
Let k be 0 + 0 - (-8 + 2). Let j be 27/(-90) - 344/(-80). What are the prime factors of -4 + j*39/k?
2, 11
List the prime factors of (-56)/(-23 - -15) - -3*2293.
2, 11, 313
Suppose -18*p - 21*p + 2291324 = -p. List the prime factors of p.
2, 7, 59, 73
Suppose 11*i - 783567 = -5*i - 11*i. What are the prime factors of i?
29021
Let p be ((60/(-18))/(2/(-6)))/2. Suppose -p*m + 3 + 24 = -4*x, 0 = -3*m + 3*x + 18. Suppose 4*q + h = 554, m*h - 2 + 8 = 0. List the prime factors of q.
139
Suppose -x = 4*b - 13416, 5*b + 13470 = 222*x - 221*x. What are the prime factors of x?
2, 3, 5, 7
What are the prime factors of 753/(-3012) + (3894/8)/1*7?
3407
Suppose 0 = -q + 3*r + 10682, -2*q + 2*r + 53410 = 3*q. List the prime factors of q.
2, 7, 109
Suppose -4*v - 100 = 5*q, 66 - 10 = -2*v - 4*q. Let b = 7 + 16. Let c = v + b. What are the prime factors of c?
3
Suppose -257 = -44*g + 359. Let l(d) = 6*d**2 - d + 197. List the prime factors of l(g).
3, 151
Suppose 47*v + 112090 = 13*v + 2273674. List the prime factors of v.
2, 3, 883
Let d = 1270 + -598. List the prime factors of d.
2, 3, 7
Let g = 2493 - 1164. List the prime factors of g/15 - (5 + 27/(-5)).
89
Let u(p) = 43*p**2 - 2*p - 4. Suppose 122 = -4*l - 10. Let g be -4 + (-11)/(l/6). What are the prime factors of u(g)?
2, 43
Suppose 40*j + 33*j - 38*j = 398930. What are the prime factors of j?
2, 41, 139
Let j(f) = -54*f + 23*f**2 + 10*f**2 + 58*f. List the prime factors of j(2).
2, 5, 7
Let g = 2602 - 146. Suppose 3*m = -m + g. Suppose 0 = -3*o + 130 + m. What are the prime factors of o?
2, 31
Suppose -3*v = 2*f - 8*f + 60561, -f + v = -10091. Suppose 0 = 4*q + 4*q - f. List the prime factors of q.
2, 631
Let o(t) = -7*t - 119 - 19*t**2 - 15*t**2 - 13*t**2 + 46*t**2 - 66*t. List the prime factors of o(-38).
7, 173
Suppose f - 773 = -218. Suppose -17*n - 56*n + 14*n = -2537. Suppose -38*k - f = -n*k. What are the prime factors of k?
3, 37
Let t be 4 + -2 + 9 + 1. Suppose 0 = -2*p - 8 - t. List the prime factors of -32*5/p*4.
2
Let t be (0 - 0/2)/1. Suppose 2*p = p - j - 197, t = 2*j. Let b = p + 323. What are the prime factors of b?
2, 3, 7
Let l be 4/(((-1)/2)/(9/(-18))). Let s be (-2)/l*2*9/(-3). Suppose 0 = -4*x + x - 4*q + 334, 462 = 4*x - s*q. What are the prime factors of x?
2, 3, 19
Let x(z) = 203*z + 93. List the prime factors of x(34).
5, 1399
Let v be 87/27 + (-4)/18. Let i be v/(-5) + (51/(-15) - -3). List the prime factors of i - 2 - (9 + -39).
3
Let p be ((-40)/(-3))/(3 + (-14)/6). Let q be 10*15/12*p. Suppose q = 5*z + 5*g, -z = -3*g - 0*g - 58. List the prime factors of z.
2, 13
Let b(k) = 186*k. Let y be b(7). Suppose -3*z - 45 = 3*i + 51, z + 3*i + 42 = 0. What are the prime factors of y/15 + 2 + z/15?
3, 29
Let r(w) = -8*w - 10. Let c(a) = -1. Let v(f) = 3*c(f) + r(f). Let m be v(-6). Let u = m + 17. List the prime factors of u.
2, 13
Suppose 22218*g = 22227*g - 73224. What are the prime factors of g?
2, 3, 113
What are the prime factors of -15302*(-20)/16*32/56?
2, 5, 1093
Let z(y) = y**3 - 15*y**2 + 14*y + 2. Let o be z(14). Suppose o*i = 7*i. Suppose 5*q - 2*c = 34, 10*q - 5*q + c - 28 = i. What are the prime factors of q?
2, 3
Let x(m) = -2*m**2 - 3*m - 9. Let d be x(-7). Let w = d + 88. Let g = w - -83. What are the prime factors of g?
5, 17
Suppose 0 = 4*j - 3*w - 63709 - 182723, 4*w = -4*j + 246460. List the prime factors of j.
3, 11, 1867
Let v be -2 + -96*12/(-8). Let d(l) = -142 - 15*l + v. What are the prime factors of d(-5)?
3, 5
Suppose w - 3*s = 29, -53 = -2*w + 28*s - 23*s. What are the prime factors of w/(1092/6331) - (-2)/(-12)?
3
Let x = 16004 - 10097. List the prime factors of x.
3, 11, 179
Let y(a) = 15495*a**2 - 356*a - 356. List the prime factors of y(-1).
3, 5, 1033
Suppose -22*v + 25*v + 4*x = 11, 4*v + x = 19. What are the prime factors of 7/(35/2945) - -4 - v?
2, 3, 7
Let b be (-3 - -5) + 1 + 1. Suppose 5*s + 4*f + 11 = 0, 0 = s - b*f - 25 + 8. List the prime factors of (s + 94)*((-24)/4 + 7).
5, 19
Let q = 731 + -383. Suppose -522 = -3*j - 5*p, 2*j - 2*p - q = -0*p. Let x = j - 28. List the prime factors of x.
2, 73
Let h be (1/3)/((-11)/(-99)). Let t = 122 - -6. Suppose -t + 581 = h*l. What are the prime factors of l?
151
Suppose 0 = 33*r - 23*r - 52180. List the prime factors of r.
2, 2609
Let o(s) = -36*s + 306. Let q be o(-6). Suppose -19*m - q + 3315 = 0. What are the prime factors of m?
3, 7
Let t = 4061 - 1410. List the prime factors of t.
11, 241
Let i = -495 - -1470. Suppose 10*u + i = 11*u. List the prime factors of u.
3, 5, 13
Let f(h) = -3*h - 29. Let w be f(-19). Let o(z) = 23*z - 172. What are the prime factors of o(w)?
2, 59
Suppose 6*u - 3318 = 2334. Let x = 454 + u. List the prime factors of x.
2, 349
Suppose 17119293 + 4703598 = 250*h + 1027141. List the prime factors of h.
193, 431
Suppose -5*r - 214 = -164. List the prime factors of 2844/3 - r/5.
2, 5, 19
Suppose -54*d + 4*s = -55*d + 167, -d = -s - 192. What are the prime factors of d?
11, 17
Suppose 8*k - 193 - 303 = 0. Let h = -79 + k. Let i(q) = q**2 + 14*q - 20. List the prime factors of i(h).
31
Let s(u) = -7*u**3 + 16*u**2 - 32*u - 23. Let r(w) = -6*w**3 + 16*w**2 - 30*w - 22. Let l(y) = 6*r(y) - 5*s(y). What are the prime factors of l(11)?
2, 23
What are the prime factors of (-1)/(-2)*(-13 + 15)*408793/11?
7, 5309
Let l = 32344 + 23352. List the prime factors of l.
2, 59
Let r(i) = i - 28. Let m be r(22). Let f(j) = 0*j + 58 + 0*j + 2*j - 24. List the prime factors of f(m).
2, 11
Let j(h) be the second derivative of -h**3/6 + 733*h**2 - 132*h + 1. What are the prime factors of j(0)?
2, 733
List the prime factors of 56*1/8*(-9960)/(-14).
2, 3, 5, 83
Let w(v) = 8*v - 19. Let s(x) = 7*x - 19. Let q(c) = 7*s(c) - 6*w(c). Let j be q(-11). What are the prime factors of -5 + (-2065)/j - (-1)/6?
2
What are the prime factors of (4/(24/(-6)))/(4/(-140816)*4)?
13, 677
Suppose 250*c - 247*c + 21 = 0. Let o(d) = -153*d - 28. List the prime factors of o(c).
7, 149
Suppose a = 3*f + 924 + 1842, -f - 4*a - 909 = 0. Let n = -510 - f. List the prime factors of n.
3, 137
Suppose -3*v + 31097 = 9*d - 11*d, 0 = -5*v - 2*d + 51839. What are the prime factors of v?
7, 1481
Let u(w) = -2*w**3 - 9*w**2 - 6*w - 25. Let a be u(-6). Let s = 279 + a. What are the prime factors of s?
2, 199
Suppose -2292 = q + x, 0*x + 9161 = -4*q + 3*x. Let k = -1339 - q. What are the prime factors of k?
2, 7, 17
Suppose -212*a + 66069 + 2187703 = 0. What are the prime factors of a?
10631
Let v = 9371 - 3117. What are the prime factors of v?
2, 53, 59
Suppose 4189325 = 121*d + 138*d. List the prime factors of d.
5, 647
Let d(b) = -b**2 + 82*b + 36. Let l be d(19). What are the prime factors of 4 - (-4 - -3)*l?
1237
Suppose 6 = -2*i + 6. Suppose 23 = 3*h + 8. Suppose -h*v + 105 = -i*v. List the prime factors of v.
3, 7
Suppose 128 = 5*t - 0*t - n, -4*t + 5*n = -94. Suppose 4*f = t*f - 20394. List the prime factors of f.
3, 103
Let g be (0 - 5 - 2)*432/12. What are the prime factors of 5/((-135)/g)*(-360)/(-7)?
2, 3, 5
Let u(x) = -72*x**3 + 2*x**2 - 23*x + 16. List the prime factors of u(-5).
9181
Suppose 3*z - 7*z - 596 = 0. Let m = -225 - z. Let a = 131 + m. What are the prime factors of a?
5, 11
Suppose 4*c + 23 = -5*j + 6*j, 5*j = -25. What are the prime factors of c - (0 - (-3164)/(-7))?
5, 89
Let h be (-5)